 + 10. Let f be d(-1). Let x = f - -7717. Is x a prime number?
True
Let u be (-34697)/2 - (-8 - (-105)/14). Let z = -8685 - u. Is z prime?
True
Suppose -5*t + 1 = 6, -r = 4*t + 9. Is 1440 - (3 + (r - -3)) prime?
True
Suppose -i - 4*i = 2*o - 18, 3*i - 11 = -o. Suppose -12730 = -i*k - 6*k. Suppose 446 = 3*s - k. Is s a prime number?
False
Let i be ((-4)/2)/((48/(-9))/(-8)). Is ((-2)/(-3)*i - -3)*7559 prime?
True
Let c(m) = 5*m**2 - 1 - 4 - 11*m - 7*m**2. Let h be c(-5). Suppose 5*z - 1970 = g, h = 7*z - 3*z + 5*g - 1547. Is z a prime number?
False
Is (1439/4)/((-299)/(-151892)) composite?
True
Suppose m + 16587 - 128168 = s, 3*m = 6*s + 334755. Is m a composite number?
False
Suppose -332*x + 362*x - 22562912 - 2046658 = 0. Is x a prime number?
True
Let t be (-6)/39 - 320/(-52). Suppose 11 = t*y - 1. Let v(x) = 174*x + 7. Is v(y) prime?
False
Let o = 109801 - 47160. Is o prime?
False
Let h = 9791 - -2467. Suppose 4*l - h = -3526. Is l composite?
True
Let w = -94279 + 222896. Is w a prime number?
False
Suppose -372 + 156 = -6*r. Suppose -2581 = 35*m - r*m. Is m prime?
False
Let u = 35246 + 256421. Is u composite?
True
Let z(p) = 3*p**2 + 26*p + 37. Let c = -38 - -42. Suppose -2*b - 32 = -0*v - v, c*b + 5*v + 64 = 0. Is z(b) prime?
True
Suppose -334740 = -4*d + 4*a, 2*a = 5*d - 2*d - 251049. Is d a composite number?
True
Let r be (2/(-11))/(2/(-22)). Let h(z) = 865*z - 21. Is h(r) prime?
True
Let y(j) = 132*j**3 - 185*j**2 - 9*j + 15. Is y(8) a composite number?
True
Let x(z) = z**3 - 37*z**2 + 47*z - 121. Let b = 415 + -377. Is x(b) composite?
False
Let h = -626429 - -1156470. Is h prime?
True
Is 733618/(-3*(-30)/27) - 44/110 composite?
True
Suppose -29*y + 31*y - 20 = 0. Suppose 0 = 4*k - 2*b - y, 2*b = k + k - 6. Suppose -3*x = 2*q - 4083, 5*x + k*q = -3*q + 6805. Is x a composite number?
False
Suppose -2*u = 5*f - 515401, -8*f + 78401 = u - 746234. Is f prime?
True
Suppose -3 = -t + 3*g + 3, -4*g = 5*t - 11. Let y(o) = 28 - 11 + 149*o + o**t - 129*o - 15*o**2. Is y(15) a prime number?
True
Suppose 5 + 4 = -3*i, 504 = 2*q - 2*i. Suppose 21*g - 18*g - q = 0. Is g a composite number?
False
Suppose 158 = 2*y + 148. Suppose j - 6014 - 7333 = 2*o, 66755 = y*j - 5*o. Is 4/(-7) - j/(-35) prime?
False
Let o = 389 - 395. Is o/(9/((-27)/(-6))) - -296 a composite number?
False
Is ((-27)/594)/(2/(-155812)) + 4/(-22) a composite number?
False
Suppose h - k = 432825, 90*h = 89*h - 4*k + 432865. Is h a composite number?
False
Suppose 5*t + 330 = -z, -18*t + 21*t + 653 = -2*z. Let k = 4484 - 2656. Let w = k - z. Is w a composite number?
False
Let n be (30/20)/((-6)/(-8)) - 53. Let c be ((-11)/(-3) + -2)*3. Is (-6125)/(-3) + n/9 + c composite?
True
Let v = 1537 + -7640. Let p be -1 + -3*1387/1. Let f = p - v. Is f prime?
False
Suppose 0 = -2*x + 2146 + 13876. Let f = x - 5520. Is f a composite number?
True
Let w be (-5 - (-27)/6)/1*-5938. Suppose 0 = -3*o, -w = -4*h - 2*o + 2027. Is h prime?
True
Suppose 0 = -17*x + 1857252 + 2484769. Is x prime?
True
Let y(x) = 7*x**2 - 1 + 11 + 8 + 4 - 8*x. Let l be y(9). Is l + 3 + (-1 - 2) composite?
True
Suppose 179*t - 80418652 = -57*t. Is t prime?
True
Is (-182400)/(-2) - (2 + 5) a composite number?
False
Is 1475592/(-72)*21/(-7) prime?
True
Suppose 4*j + 2*t + 22674 = 0, 0 = -4*j + t + 3*t - 22644. Is (2 + 5/(-2))*j a prime number?
True
Suppose -750826 - 1130315 - 175289 = -10*r. Is r composite?
True
Let o(v) = v**2 + 7*v + 4. Let m be o(-6). Suppose 95*b = -68*b + 5868. Is (4164/b)/((-82)/42 - m) prime?
False
Let h(n) = -n**2 + 9*n - 14. Let x be h(3). Suppose -5*z = m - 5369 - 3067, x*m = -z + 33839. Is m a prime number?
True
Let t(h) be the second derivative of -227*h**4/12 - 5*h**3/6 + 4*h**2 - 13*h. Let z be t(2). Let k = 1851 - z. Is k prime?
False
Suppose -7*s + 3*s = -16. Let v(i) = -92*i - 786. Let h be v(-9). Suppose 5*u - 7*f = -s*f + 41, -3*u - 4*f + h = 0. Is u prime?
False
Suppose 6239738 = 4*l + 3*w, 0 = -2958*l + 2960*l - 3*w - 3119860. Is l a composite number?
False
Let s = -487 - -1614. Suppose 1875 = 5*h + 4*m, -3*h - 3*m + m = -s. Is h a composite number?
False
Suppose -a - 13016 = -4*m - 3737, -3*m = a - 6968. Let f = -562 + m. Is f composite?
False
Suppose -3*t - 81 = 15. Let a = 308 + -74. Let b = a + t. Is b prime?
False
Is 16/(-8)*28957/(-2) a prime number?
False
Let b(z) = -z**2 + 2*z + 18. Let y be b(0). Suppose y*d - 23*d = -4445. Is d a composite number?
True
Is (-39185 - 6 - 3)*(-3)/6 a composite number?
False
Is (14183805/9)/(63/(-27) + 4) a prime number?
True
Let m = -42552 + 87319. Is m a composite number?
True
Suppose 2*p = 7*p + 280. Let j = p + -378. Let h = 245 - j. Is h a prime number?
False
Let q(z) = -7*z**3 + 15*z**2 - 37. Let d(w) = -15*w**3 + 29*w**2 - w - 74. Let g(o) = -6*d(o) + 13*q(o). Is g(21) prime?
True
Let j = 31394 + -20167. Is j composite?
True
Let s = 38381 - 20778. Is s composite?
True
Let k(x) = 10068*x - 2181. Is k(4) composite?
True
Let n be 1886/4 + 0 - 2/4. Let b = n - 137. Is b a composite number?
True
Suppose 138165 = 3*o + 4*q + 970, -o + 45725 = 3*q. Is o prime?
True
Let q be 36*(-5)/((-20)/2). Suppose -4*m - 28 = 3*x, m + q = x + x. Is (-331)/(-6) - m/(-60) composite?
True
Let o(z) = -z - 4 + 7 + 8 + 1. Let n be o(12). Suppose 3*v - 16671 = -n*v. Is v composite?
False
Let q(f) = f + 11. Let s be q(-14). Is s + 2998/8 - 30/40 a composite number?
True
Let o(j) = 3*j**2 + 9*j - 9. Let z be o(-4). Suppose i - 2450 = -z*i - 2*v, 5*i - 3076 = 2*v. Is i prime?
False
Suppose 4*n = -5*o + 18, -4*o = -2*n - 3*n + 2. Suppose -1649 = -f + 2*x, -2620 - 2351 = -3*f - n*x. Is f prime?
False
Suppose -1 = y, 2*r = 5*r + 2*y + 2. Suppose 4*j + 237 = -x - 654, r = j - 2*x + 216. Let v = 1595 - j. Is v composite?
True
Suppose -89176 = -26*l + 305166. Is l a composite number?
True
Suppose 10*p + 3*z + 3 = 13*p, -p - z = -3. Let d be (2/6)/(9/54). Suppose 2148 = p*k + d*b, 4*k - 2806 = 5*b + 1481. Is k prime?
False
Let l = 393 - 392. Is (l + -2)/((-11)/24233) prime?
True
Suppose -4*l - n + 1717966 = 0, 12 = 468*n - 470*n. Is l a composite number?
True
Let s(l) = -4014*l + 1387. Is s(-41) composite?
False
Let l(i) = 142*i**2 + 8*i - 107. Is l(16) a prime number?
True
Let i = -231221 + 343282. Is i a composite number?
False
Suppose -5*g - 108 = -2*x + 3, -4*x = 3*g + 51. Is 3 + 8/(-3) - 269822/g a prime number?
False
Is 660037*(-9 - (-10 - (-24)/28)) a composite number?
False
Suppose -8*i + 23811 = -34933. Let g be (-86)/(-6) - (-2)/(-6). Suppose 7*a + i = g*a. Is a prime?
True
Let a = 3044 + 26157. Is a composite?
False
Let l(a) = -284*a + 53. Let i be l(-26). Suppose -6*z = -9*z + i. Is z prime?
False
Suppose 3*h - 47 = -218. Suppose 12*m = 11*m + 61. Let w = h + m. Is w a composite number?
True
Suppose -271*x + 1717 = 362. Let k(z) = -185*z + 2. Let l be k(-2). Suppose 5*a + 2*y - l + 83 = 0, -2*a - x*y = -103. Is a composite?
False
Let x = -34 - -34. Suppose x = 63*l - 61*l - 24370. Is l composite?
True
Suppose -27*h + 38650 + 28931 = 0. Is h prime?
True
Suppose -97*n = -81*n - 12528. Suppose -4*v - 1342 = 434. Let i = n + v. Is i prime?
False
Let k(u) = 30*u - 25. Let n(i) = 8 + 5*i**2 + 6*i - 2*i**2 - 2*i**2 - 3*i. Let w be n(-5). Is k(w) a composite number?
True
Suppose -6*m = 2*m - 17720. Is ((-12)/30 - -1)*m a composite number?
True
Let s(i) = -i**3 + 4*i**2 + 4*i + 2. Let c be s(6). Let l be (-5222)/63 + 4/(-36). Let b = c - l. Is b composite?
False
Suppose 2*y = 6*v + 443176, 0 = -y - 3*v + 242728 - 21182. Is y prime?
True
Is ((1*-227782)/(-2))/(23 + 28 + -50) a composite number?
False
Let j = 343 + -346. Let y(k) = 405*k**2 - 21*k + 5. Is y(j) prime?
False
Is 487/(-3)*439*(-6 - -3) a composite number?
True
Suppose -j - 3*x + 39078 = -98093, j - x - 137179 = 0. Is j a prime number?
True
Let m(u) = 6 - 4 + 3 + 150*u**3 - 5*u + u**2. Let h = 2160 + -2157. Is m(h) prime?
True
Let u(w) = -w + 3. Let z be u(-7). Suppose -5*v = -z*v + 4*r + 15629, 3*v - 9379 = 4*r. Suppose 5*m - 10940 = v. Is m prime?
False
Let g(i) = -950*i - 1849. Is g(-40) a composite number?
False
Let y be (-24)/3*-2*1/2. Suppose 0 = -2*u + x + 10867, -y*u + 5*u - x + 16308 = 0. Is u a composite number?
True
Let b(h) be the second derivative of 5*h**4 - 5*h**2/2 - 165*h. Is b(6) composite?
True
Let 